. What is the greatest common divisor of 14 and m?
7
Suppose -74*o + 14*o = 17*o - 770. Calculate the greatest common factor of 960 and o.
10
Let m be 119*((-1)/(-2))/((-3)/(-6)). Let z = m - 111. What is the highest common factor of 16 and z?
8
Suppose 144*w = 140*w - v + 11145, -5*w + 13912 = 4*v. Calculate the greatest common divisor of 164 and w.
164
Let w(f) = -30*f + 574. Let t be w(18). Calculate the greatest common factor of 1751 and t.
17
Suppose -3*h = -15, -9*j - 29 = -12*j + 5*h. Let k be 3/j*206 + 4/6. What is the greatest common divisor of 315 and k?
35
Let n be 1*3/(9/129). Suppose 19060 = 60*z - 1625 - 2535. What is the greatest common divisor of n and z?
43
Let m = -28 + 31. Let q(p) = -p**2 + 4*p - m - 2 + 6*p - p**2. Let l be q(4). Calculate the highest common divisor of l and 33.
3
Let o(a) = a**3 - 5*a**2 - 22*a - 13. Let x be o(8). Suppose -x*u = -p - 2*p - 27, p - 31 = -3*u. What is the highest common divisor of u and 16?
2
Suppose -70 = -8*x + 1706. Suppose 0 = -20*d + 26*d - x. Calculate the greatest common divisor of 37 and d.
37
Suppose -9*k - 376 = -13*k. Suppose k = 9*s + 688. Let y = s - -86. What is the highest common factor of 20 and y?
20
Let m(c) = 180*c - 12207. Let b be m(68). Calculate the highest common divisor of 1776 and b.
3
Let i(q) = 17*q**2 + 524*q - 13. Let c be i(-31). What is the greatest common factor of c and 7760?
80
Let w(j) be the first derivative of -46*j + 19/3*j**3 - 12 + 1/4*j**4 - 3/2*j**2. Let a be w(-19). Calculate the highest common divisor of 11 and a.
11
Let u(i) = -i**3 + 9*i**2 - 13*i - 6. Let q be u(7). Let g(h) = 197*h**2 - h - 1. Let b be g(q). What is the highest common divisor of b and 78?
39
Suppose -74*j + 4464 = -30*j - 1212. Calculate the greatest common divisor of 27 and j.
3
Let p be (-2523)/(-33) + -3 + 12/22. Suppose 1919 = 93*z - p*z. Calculate the greatest common divisor of z and 202.
101
Suppose -691*f = -686*f + 1890. Let p = -276 - f. What is the greatest common divisor of p and 1122?
102
Let s = -3 - -11. Let a be -16*(0 + 6/(-4)). Suppose q = a - s. What is the greatest common divisor of q and 56?
8
Let y(n) be the second derivative of -5*n**3/6 - 153*n**2/2 + 208*n. Let a be y(-33). Calculate the greatest common factor of 140 and a.
4
Let c = 1363 + -951. Calculate the highest common factor of 1751 and c.
103
Let h be (-99726)/(-792) - 1/(-12). Calculate the highest common factor of h and 525.
21
Suppose 0 = -6*g - g + 63. Suppose 4 - 31 = g*p. Let r be -4 + (-4 - -42 - p). What is the greatest common divisor of r and 111?
37
Let r(q) be the third derivative of 45*q**4/8 - 4*q**3 - 4*q**2 - 11. Let i be r(1). Calculate the greatest common factor of i and 37.
37
Let h = 2266 - 1769. What is the highest common factor of 77 and h?
7
Let s = -7585 + 7631. What is the highest common factor of s and 2438?
46
Let t(z) = z - 27. Let m be t(26). Let d = -1 - m. Suppose -3*s + 171 = 4*v, 0 = -5*v - 3*s - d*s + 216. What is the highest common factor of 10 and v?
5
Let l(a) = 3*a + 45. Let t be l(12). Let b be 2/6 + 13824/t. Calculate the highest common divisor of b and 19.
19
Let q = 20930 - 20784. Calculate the highest common divisor of q and 4234.
146
Let c = -10 + 67. Suppose -j = -3*u + 44, j = 3*u + u - c. Let w(q) = 2*q**2 + 18*q + 127. Let t be w(-6). What is the greatest common factor of t and u?
13
Suppose 2*v = -4*c + 128, -127*c + 126*c + 60 = v. What is the greatest common factor of v and 2051?
7
Let t = -336 - -631. Let q = t - 280. What is the greatest common factor of q and 25?
5
Let r(b) = 8*b**3 + 3*b**2 - 32*b + 160. Let o be r(5). Calculate the greatest common factor of o and 387.
43
Let s = -13 + 31. Let u = 15323 - 14819. Calculate the greatest common factor of u and s.
18
Let z = 513 + -506. Suppose 3*t + 77 - 440 = 0. Let u = -86 + t. Calculate the greatest common divisor of z and u.
7
Suppose 2*a + 3*a - 1035 = 0. Suppose -3*u = 5*u. Suppose 0 = -v + 3, 3*c + u*v = v + a. Calculate the highest common divisor of c and 10.
10
Let u(y) = -y**3 + 8*y**2 - 12*y - 2. Let n be u(6). Let p be (n/(-3))/(0 - (-2)/723). Suppose 3*h + 136 - p = 0. What is the greatest common factor of h and 5?
5
Let b(r) = 5*r**2 - 22*r - 9. Let m be b(5). Suppose -m = -27*o + 25*o. Suppose 0*k + 2 = 2*k + 2*l, 0 = l. Calculate the highest common factor of k and o.
1
Suppose -5*c = -15 + 1270. Let i = 315 + c. What is the greatest common factor of i and 1536?
64
Let z = -7 - -9. Suppose z*j + 9 = 2*m - 33, 4*m - j = 81. Let l = -16343 - -16363. Calculate the greatest common factor of m and l.
20
Let c(b) = 378*b**2 + 86*b + 156. Let n be c(-2). What is the highest common factor of 1870 and n?
374
Suppose -45 = -0*v - 5*v. Let u be (-1)/((-9)/6 + 107/72). Let c = 144 - u. What is the greatest common divisor of c and v?
9
Let v be ((-12)/16 - -3)/((-14)/(-168)). What is the greatest common factor of v and 1917?
27
Let s be -3*(39/(-36) + 90/120). Let v be 0 + (-1 + -1 - -4). Suppose -3*y + v = b - s, 0 = -b - y + 5. Calculate the greatest common factor of b and 3.
3
Let c(o) = 7*o**2 + 8*o - 11. Let w be c(-7). What is the highest common factor of 12 and w?
12
Let v(o) = o + 11*o**2 + 2 - 19*o**2 - 81*o**2. Let s be v(-1). Let u = s + 158. Calculate the greatest common divisor of 7 and u.
7
Let d = 1106 - 1079. Let n = 712 + -199. What is the highest common divisor of n and d?
27
Suppose 6120 - 1692 = 31*p + 51*p. What is the greatest common divisor of p and 402?
6
Suppose -403*v + 378*v = -2100. Let i(u) = 47*u - 1. Let z be i(3). Calculate the greatest common factor of z and v.
28
Let d = -3833 + 4098. Calculate the highest common divisor of d and 45.
5
Let q(f) = 686*f - 1336. Let w be q(8). What is the highest common divisor of w and 18?
6
Suppose 0*v = -v - 4*w - 7, 8 = -4*w. Let m be (1/(-4))/v + (-19446)/(-24). What is the highest common divisor of 54 and m?
54
Suppose -4*h + 1 + 19 = 0. Let s(k) = 4*k - 58. Let r be s(15). Let i be 12 + r + (3 - 12). What is the highest common factor of i and h?
5
Suppose -10*p + 11*p = 2. Let n(i) = 7*i**2 - 3*i - 2. Let s be n(p). What is the highest common divisor of 160 and s?
20
Suppose 17*v + 75 = -61. Let c(f) = 15*f + 122. Let h be c(v). What is the greatest common factor of 46 and h?
2
Let p = 3949 + -3525. Calculate the highest common divisor of p and 64.
8
Let z = 66 - 52. Suppose 2*k - 5*q = -z, 3*k - 8 = 4*q - 29. Let p = k - -10. Calculate the highest common divisor of 4 and p.
1
Let t be (224/5)/(1336/1670). Let l(b) = -7*b. Let i be l(-6). Calculate the highest common factor of t and i.
14
Suppose -a + 671 = -2*f, 7*a - 12*a + 3*f = -3383. Calculate the greatest common divisor of a and 77.
7
Let n be 5/(-23 - -18)*-5977. What is the greatest common divisor of 86 and n?
43
Let r = 195 + -195. Suppose -t + 28 = -r*t. What is the greatest common divisor of 12 and t?
4
Let d be 7/((4/20)/1). Suppose 5 = 9*u - 13. Suppose u*o + 2 = 0, 2*q = 4*o + 8 + 136. What is the highest common factor of q and d?
35
Let r = 1553 + -1445. Calculate the highest common factor of 44 and r.
4
Let s(t) = t - 15. Let h be s(17). Let a(r) = -1 + 3*r - 3 - h*r - 4. Let k be a(9). What is the greatest common divisor of k and 7?
1
Let r = -229 - -327. Suppose -10 = -2*d - 46. Let s = 32 + d. Calculate the highest common divisor of r and s.
14
Let y be 10/(-15)*(-3)/(-2). Let f be (11/(-3) - y)*(-12)/16. Suppose -f*x = -5*x, 4*t = -4*x + 4. What is the greatest common factor of 2 and t?
1
Let t(d) = 17*d**2 - 7*d - 4. Let h be t(-1). Let w be 8/(-12) - (5 + (-64)/6). Calculate the highest common factor of h and w.
5
Suppose -5*q - 2*j + 17 = -12, -3*q + 11 = -2*j. Let x(m) = 2*m**2 + 8*m - 16. Let b be x(q). Let d = 106 - b. What is the highest common factor of d and 32?
32
Let x(o) = 2593*o - 9896. Let t be x(4). Suppose 2*q + 306 = 5*q. What is the highest common factor of q and t?
34
Let d be (-1)/(-3) + (-62)/6. Let g = 31 + d. Let n be 408/16 - 28 - 57/(-6). Calculate the highest common divisor of g and n.
7
Let r(x) = 18*x**2 - 11*x + 28. Let i(g) = 36*g**2 - 23*g + 53. Let v(w) = -4*i(w) + 9*r(w). Let h be v(4). Calculate the highest common factor of h and 50.
50
Let j = 5820 + -5583. Calculate the greatest common divisor of 2291 and j.
7